 of 358659844.
2, 67, 461, 2903
List the prime factors of 2485645013.
29, 419, 204563
List the prime factors of 16671291.
3, 7, 13, 79, 773
List the prime factors of 170220162.
2, 3, 7, 1031, 3931
What are the prime factors of 96115197?
3, 32038399
List the prime factors of 28926432.
2, 3, 47, 2137
What are the prime factors of 600015927?
3, 7, 23, 177467
List the prime factors of 149612825.
5, 5984513
List the prime factors of 69490783.
5113, 13591
List the prime factors of 10192125.
3, 5, 27179
List the prime factors of 3322152237.
3, 17377, 63727
List the prime factors of 236152472.
2, 61, 277, 1747
What are the prime factors of 39678600?
2, 3, 5, 13, 5087
What are the prime factors of 1528173219?
3, 59, 8633747
List the prime factors of 64023193.
13, 101, 48761
What are the prime factors of 555274925?
5, 22210997
List the prime factors of 590463405.
3, 5, 7, 624829
What are the prime factors of 1391302683?
3, 19, 23, 117917
What are the prime factors of 7710955453?
2441, 3158933
What are the prime factors of 1748843634?
2, 3, 137, 1319, 1613
List the prime factors of 442213601.
67, 509, 12967
List the prime factors of 881180.
2, 5, 44059
List the prime factors of 803138121.
3, 113, 789713
List the prime factors of 820504628.
2, 41, 5003077
What are the prime factors of 521213702?
2, 260606851
List the prime factors of 335924422.
2, 157, 1069823
What are the prime factors of 421452092?
2, 23, 251, 18251
What are the prime factors of 117917442?
2, 3, 541, 12109
What are the prime factors of 111279037?
23, 103, 107, 439
What are the prime factors of 1266831673?
601, 2107873
List the prime factors of 51540429.
3, 223, 77041
List the prime factors of 89169852.
2, 3, 37, 229, 877
What are the prime factors of 494854464?
2, 3, 13, 198259
What are the prime factors of 163750694?
2, 101, 587, 1381
What are the prime factors of 489978849?
3, 163326283
What are the prime factors of 1673672178?
2, 3, 278945363
List the prime factors of 1260034726.
2, 6661, 94583
What are the prime factors of 2704377654?
2, 3, 11, 19, 97, 7411
What are the prime factors of 2876452738?
2, 31, 46394399
What are the prime factors of 1123344384?
2, 3, 43, 1063
List the prime factors of 6100328889.
3, 4177, 54091
List the prime factors of 158830035.
3, 5, 7, 13, 116359
What are the prime factors of 16853705?
5, 11, 306431
What are the prime factors of 233923982?
2, 47, 2488553
List the prime factors of 24193070.
2, 5, 11, 219937
List the prime factors of 2800455013.
1933, 1448761
What are the prime factors of 725092883?
31, 107, 218599
What are the prime factors of 1912625765?
5, 382525153
List the prime factors of 32528839.
7, 4646977
What are the prime factors of 58938059?
1831, 32189
List the prime factors of 61904729.
167, 370687
List the prime factors of 31443343.
79, 619, 643
What are the prime factors of 1830434780?
2, 5, 91521739
List the prime factors of 2147568851.
53, 40520167
List the prime factors of 223289317.
223289317
List the prime factors of 6008064174.
2, 3, 7, 47683049
What are the prime factors of 29503126?
2, 17, 157, 5527
List the prime factors of 1151240263.
599, 1921937
What are the prime factors of 4175718574?
2, 2087859287
What are the prime factors of 19625805?
3, 5, 257, 1697
What are the prime factors of 362977553?
362977553
List the prime factors of 3454041.
3, 433, 2659
What are the prime factors of 137173759?
251, 546509
What are the prime factors of 308365353?
3, 11420939
List the prime factors of 2342272968.
2, 3, 7, 97, 47911
List the prime factors of 3026186895.
3, 5, 37, 73, 113, 661
List the prime factors of 850484968.
2, 719, 147859
What are the prime factors of 21032917?
29, 725273
What are the prime factors of 6509494411?
7, 19, 67, 10903
What are the prime factors of 238978905?
3, 5, 11, 1448357
What are the prime factors of 62622618?
2, 3, 97, 107599
What are the prime factors of 1502951786?
2, 7, 509, 210911
What are the prime factors of 62882542?
2, 31441271
What are the prime factors of 54261362?
2, 2287, 11863
What are the prime factors of 267192299?
11, 79, 307471
What are the prime factors of 1046088035?
5, 19, 1621, 6793
What are the prime factors of 149490628?
2, 7, 5338951
What are the prime factors of 941254264?
2, 643, 182981
List the prime factors of 3941143807.
1451, 2716157
List the prime factors of 6270390.
2, 3, 5, 7, 37, 269
List the prime factors of 502702750.
2, 5, 11, 17, 10753
List the prime factors of 235832012.
2, 13, 887, 5113
List the prime factors of 1706749482.
2, 3, 131, 2171437
What are the prime factors of 1815711904?
2, 56740997
List the prime factors of 871903270.
2, 5, 7, 29, 429509
List the prime factors of 4185675945.
3, 5, 11, 47, 59971
What are the prime factors of 2500297427?
2500297427
List the prime factors of 3119348853.
3, 17, 6795967
What are the prime factors of 14718893?
7, 31, 67829
What are the prime factors of 1615703889?
3, 61, 8828983
List the prime factors of 4608900303.
3, 7, 219471443
List the prime factors of 82976352.
2, 3, 113, 7649
What are the prime factors of 125265948?
2, 3, 10438829
What are the prime factors of 6679477?
7, 31, 30781
What are the prime factors of 1261556872?
2, 157694609
What are the prime factors of 138400021?
79, 181, 9679
What are the prime factors of 136096266?
2, 3, 193, 211, 557
What are the prime factors of 421234805?
5, 84246961
What are the prime factors of 60367904?
2, 269, 7013
List the prime factors of 4976537915.
5, 995307583
List the prime factors of 790610080.
2, 5, 13, 37, 10273
List the prime factors of 3571879.
41, 87119
What are the prime factors of 47881138?
2, 73, 327953
What are the prime factors of 484954466?
2, 3089, 78497
What are the prime factors of 841409762?
2, 11197, 37573
List the prime factors of 109649190.
2, 3, 5, 7, 19, 27481
List the prime factors of 42592912.
2, 101, 26357
What are the prime factors of 4216385839?
41, 47, 1109, 1973
What are the prime factors of 555912239?
2213, 251203
What are the prime factors of 66245536?
2, 7, 433, 683
List the prime factors of 231015307.
43, 5372449
What are the prime factors of 16056938?
2, 19, 422551
What are the prime factors of 324064784?
2, 20254049
List the prime factors of 79801051.
11, 163, 44507
What are the prime factors of 9378242922?
2, 3, 1563040487
What are the prime factors of 20048763?
3, 7, 17, 89, 631
List the prime factors of 128786295.
3, 5, 11, 780523
What are the prime factors of 6860950889?
13, 857, 615829
List the prime factors of 156632439.
3, 52210813
What are the prime factors of 151265843?
149, 1015207
List the prime factors of 3395522837.
7, 485074691
What are the prime factors of 60775933?
60775933
List the prime factors of 668768266.
2, 37, 9037409
What are the prime factors of 274105433?
7, 17, 2303407
What are the prime factors of 275821769?
89, 701, 4421
What are the prime factors of 150592435?
5, 7, 277, 317
What are the prime factors of 179020188?
2, 3, 4972783
What are the prime factors of 733098117?
3, 79, 3093241
What are the prime factors of 567196809?
3, 9817, 19259
What are the prime factors of 15899368?
2, 67, 29663
List the prime factors of 1777363684.
2, 257, 1728953
List the prime factors of 66022837.
37, 1784401
List the prime factors of 37306989.
3, 23, 37, 4871
List the prime factors of 40087949.
11, 71, 51329
List the prime factors of 227432166.
2, 3, 13, 19, 41, 197
List the prime factors of 3386270031.
3, 1128756677
What are the prime factors of 120120762?
2, 3, 167, 119881
What are the prime factors of 7824605?
5, 1564921
What are the prime factors of 5652738?
2, 3, 7, 13, 17, 29
List the prime factors of 75473853.
3, 7, 13, 276461
List the prime factors of 456865127.
19, 24045533
What are the prime factors of 69229488?
2, 3, 947, 1523
What are the prime factors of 24269327?
19, 859, 1487
List the prime factors of 1650928268.
2, 11, 4111, 9127
What are the prime factors of 518723852?
2, 197, 658279
List the prime factors of 61715773.
7, 311, 28349
List the prime factors of 297051353.
17, 43, 383, 1061
List the prime factors of 79144829.
31, 131, 19489
What are the prime factors of 84272211?
3, 3121193
What are the prime factors of 346974674?
2, 179, 709, 1367
List the prime factors of 78213123.
3, 47, 184901
List the prime